git of u?
1
Let u = 9 - 5. Suppose -38 = 5*g - u*q, 4*g + 5*q + 0*q = -55. What is the units digit of g/35 - 79/(-7)?
1
Suppose -2*w - 18 = -2. Let l(b) = b**3 + 10*b**2 + 9*b + 7. Let o be l(w). Suppose -5*g + o = -7. What is the units digit of g?
4
Suppose -14 = 5*n + 6. Let w be n/10 + 85/25. What is the tens digit of (0 - w)*34/(-6)?
1
Suppose 7*t = 2*t + 25. Suppose 108 = u + t*u. What is the tens digit of u?
1
Suppose -5*d - h = -105, 105 = 2*d + 3*d + 4*h. What is the tens digit of d?
2
Let w be (30/(-4))/((-33)/(-44)). Let a = w - -25. What is the units digit of a?
5
Suppose 12 - 3 = 3*v. What is the units digit of v*6*(-3)/(-6)?
9
Let s be (-3)/(-1)*-1 + 30. Let t = -18 + s. What is the units digit of t?
9
Let j be -2 + 4/(4/3). Let m(x) = -x**2 - 4*x + 6. Let k be m(-6). Let c = j - k. What is the units digit of c?
7
What is the tens digit of 4/(-6) + 342/27?
1
Suppose 0 = -3*q - 8 + 23. Let l(f) = -f**2 + 9*f + 4. What is the units digit of l(q)?
4
Suppose -2 = -3*d + 1. Suppose -3*g - 1 = 5*j, -2*j = -g - 3*g + 16. Let z = d + g. What is the units digit of z?
4
Suppose 2622 + 3151 = 23*k. What is the units digit of k?
1
What is the tens digit of (39 - 5/(-5))*4 - 3?
5
Let r(b) = b**3 + 23. Let y be r(0). Let q = 34 - y. What is the tens digit of q?
1
Let n(a) = 171*a + 4. What is the hundreds digit of n(1)?
1
Let u = 7 - 2. Let y = u + -2. Let a = -2 + y. What is the units digit of a?
1
Suppose -4*u = -8 - 12. Suppose u*h + q = 6, -6*q = -5*q + 4. Let p(i) = 2*i**3 - 3*i + 1. What is the tens digit of p(h)?
1
Let p(s) = s**3 + 12*s**2 + 10*s + 2. Suppose 47 + 18 = -5*j - 5*b, 0 = 4*j + 5*b + 54. What is the tens digit of p(j)?
1
Let z(k) = k**3 + 2*k**2 - 3*k. Let r(q) = -3*q + 3. Let f be r(2). Let v be z(f). Suppose j + j - 10 = v. What is the units digit of j?
5
Let a = -11 + 13. Suppose 50 = 4*g + 2*v, a*v - 13 - 11 = -2*g. What is the tens digit of g?
1
What is the units digit of (-6)/(-27) - (-896)/18?
0
Let v(k) = 2*k + 16. Let b be v(-11). Let z(n) = 2*n**2 + 8*n - 1. What is the tens digit of z(b)?
2
Suppose 3*y - 5*h - 462 = -0*h, -2*y = 5*h - 283. What is the hundreds digit of y?
1
Let s(t) = t**2 + 1. Let f be s(0). Suppose -3*q - 8 = f. What is the tens digit of q/(-12) - 43/(-4)?
1
Let p(r) = 3*r - 1. What is the units digit of p(1)?
2
What is the tens digit of (((-56)/12)/7)/((-1)/180)?
2
Let n(w) = 2*w**2 + w - 14. What is the tens digit of n(-6)?
5
Suppose -y = 3, 4*y - 4 + 28 = 4*q. Suppose 3*t = -5*v + 19, -q*v - 3*t + 11 = -4. Suppose v*d = 3 + 13. What is the units digit of d?
8
Let u be (-12)/(-8) - 26/(-4). Let q = u + -3. What is the units digit of q?
5
Suppose -47 = -5*d + 53. What is the tens digit of d?
2
Let v(a) = a**2 - 6*a + 6. What is the units digit of v(10)?
6
Let d(b) = -b + 3. Suppose 0 = u + 4*u + 25. What is the units digit of d(u)?
8
Let u(g) = -g**2 - 11*g - 9. Let z be u(-8). Suppose -2*k - k = -z. What is the units digit of k?
5
Suppose -2*x - 8*x + 810 = 0. What is the tens digit of x?
8
Let x be 5/(2/2*1). Let u = 1 - x. What is the units digit of (u/5)/((-2)/10)?
4
Let s(w) = -19*w - 5. Let j(t) = -38*t - 10. Let r(i) = 6*j(i) - 11*s(i). What is the units digit of r(-2)?
3
Suppose 0 = -25*r + 27*r - 76. What is the units digit of r?
8
Let p(t) = 15*t**3 - t**2 + 2*t - 1. Let c be 2 - 2 - (-4 + 3). What is the units digit of p(c)?
5
Let s(a) = -a + 10. Let v be s(6). Suppose -5*y = -h - y, 4*y = 5*h. Suppose h = -0*p + 3*p - v*k + 11, -2*k + 1 = -3*p. What is the units digit of p?
3
Let r be (-2*3 - -3) + -16. Let f = r + 34. What is the units digit of f?
5
Let w = 180 + -98. What is the units digit of w?
2
Let z(m) = -m + 5. Let w be z(4). Suppose 0 = -3*u + 5*a - 8 - w, 0 = 5*u - a - 7. Suppose u*x + 2*o = -2*x + 6, 12 = 3*x - o. What is the units digit of x?
3
Let k = 4 - 9. Let d = k - -2. What is the units digit of 33/6 - d/(-2)?
4
Let u = 39 - 21. What is the tens digit of u?
1
Suppose 0*a = 3*a. Suppose x - 3*l - 2*l - 18 = a, 12 = 5*x + l. Suppose -b + 24 = x*b. What is the units digit of b?
6
Suppose 0 = 3*s - 0*s + 198. Let o be s/(-9) + (-4)/(-6). Suppose o + 4 = 3*u. What is the units digit of u?
4
Let r(y) = y**3 + y**2 - 3*y - 3. Let v be r(-3). Let d = 21 + v. Let l = 15 - d. What is the units digit of l?
6
Let w = 80 + -30. What is the tens digit of w?
5
Let v(h) = h**2 + 4*h. Let b be v(-4). Suppose b = y - 2 - 0. Suppose -2*o = -4*r - 34, 3*r = 2*o + y*r - 37. What is the units digit of o?
9
Let d(c) = c**3 + 12*c**2 + 7*c + 1. Let u be d(-11). Suppose 3*b - 3*v = u, 2*b = -5*v + 4*v + 42. What is the units digit of b?
9
Let n(t) = -t + 9. Let d be n(7). Suppose 4*x - 92 = d*x. What is the units digit of x?
6
Let f(u) = -u**3 - 2*u**2 + 6*u + 2. Let l be f(-4). What is the tens digit of 305/l + 3/(-2)?
2
Let b = -12 - -8. What is the units digit of b/6 - 29/(-3)?
9
Suppose 0*q = -3*q - 33. What is the units digit of (1 + q)*3/(-5)?
6
Suppose -5*l = -6 - 4. Let s = 0 + l. What is the units digit of s?
2
Let w be ((-6)/(-4))/((-2)/(-52)). Suppose 4*t = t + w. What is the units digit of t?
3
Suppose 2*a - 3 = -1. Suppose -h = a, 2*z - 25 = 7*h - 2*h. What is the units digit of z?
0
Let k = -364 - -522. What is the units digit of k?
8
Let v = 6 + -12. Let q be (42/4)/(v/8). Let p = q - -26. What is the units digit of p?
2
Let f be (3 - 6)*(-1 + 0). Suppose -3*p + 53 = 4*u, -f*p - 13 = -6*p + 4*u. What is the tens digit of p?
1
Let u(o) = -o**2 + 7*o - 3. Let b be u(6). What is the units digit of (b - 3) + 3 + 1?
4
Suppose -2*a + 44 = -20. What is the units digit of a?
2
Let g(o) = 43*o - 1. Let u be g(1). Let j be (-1)/(u/22 + -2). Let p = 20 - j. What is the units digit of p?
9
Suppose 13 = 2*c - 5*g, 0*c + 2*g - 20 = -c. Let r = 29 - c. What is the tens digit of r?
1
Let d be ((-6)/(-4))/(9/24). Let h = d - 4. Let k = h + 1. What is the units digit of k?
1
Let i = -16 - -10. What is the tens digit of (i/3)/(4/(-50))?
2
Let c(o) = -o**3 + 6*o**2 + 9*o + 9. Let v be c(7). Let j = -14 + v. What is the units digit of j?
9
Let s be -2 + 3 + -1 + -7. Let d = s - -9. What is the units digit of d?
2
Suppose c - 26 = 5*v, 3*v = 2*v - 2*c - 14. What is the units digit of (-30)/45 + (-112)/v?
8
Let x = -3 + 18. Let t = 2 + x. What is the tens digit of t?
1
Let z(y) be the second derivative of -y**7/2520 - y**6/120 - y**5/24 - y**4/6 + y. Let x(n) be the third derivative of z(n). What is the units digit of x(-4)?
3
Suppose 72 = -7*r + 9*r. What is the units digit of r?
6
Suppose l = 4*d - 8, 2*l + 0*l - 11 = -d. Suppose -d*q + 51 + 0 = 0. What is the tens digit of q?
1
Suppose 0 = -2*a + 4*k - 2, 4*a + 0*k + 13 = -k. Let z be -3*-2*7/a. Let p = z - -22. What is the units digit of p?
8
Let n(i) = -219*i. Let s be n(-1). Suppose -a = 5*t - s, 4*t - 5*a = -0*a + 181. What is the units digit of t?
4
Let t(l) = -2*l**2 + 11*l + 15. Let s(v) = v**2 - v - 1. Let y(q) = s(q) + t(q). Let c be y(11). Let p = 15 - c. What is the units digit of p?
2
Suppose 0 = 5*z + 11 + 24. Suppose -4 = 2*j + 5*q, -4*j - 5*q - 28 = -0*q. Let i = z - j. What is the units digit of i?
5
Suppose b + h + 2*h - 30 = 0, 5*b = -3*h + 90. Suppose -z = -6*z + b. What is the units digit of z?
3
Let a(p) = -p**2 + 10*p - 1. Suppose 2*x - 22 = -2*o, 39 = 3*x + 7*o - 2*o. What is the units digit of a(x)?
5
Let k(l) = 2*l**3 - 6*l**2 - 4*l - 6. Suppose 5*d = -v, -3*d = -5*v - 10 + 38. Let o be k(v). What is the tens digit of o/5 - 6/(-30)?
1
Let k = 19 - 12. Suppose -k = -3*o + 5. What is the units digit of o?
4
Let x(r) = 3*r - 1. Let k be x(1). What is the units digit of (-1)/((-177)/(-90) - k)?
0
What is the units digit of (-87)/(-2) + (-12)/(-24)?
4
Let b(n) = -3*n**2 + 17*n - 14. Let q(s) = -s**2 + 8*s - 7. Let d(x) = 2*b(x) - 5*q(x). What is the tens digit of d(-5)?
1
Suppose 0 = -3*g - 0*g + 12. Suppose 63 = -g*b + 195. Suppose -t + 42 = 5*l, 2*l - 6*l = t - b. What is the units digit of l?
9
Let u(y) = 2*y**2 + y + 20. What is the units digit of u(0)?
0
Let b(r) = 2*r**3 - 2*r**2 - 6*r - r**3 - 6*r**2 - 3. What is the tens digit of b(9)?
2
Let c(v) = v**2 + 42. What is the units digit of c(0)?
2
Let s(f) = 118*f**2 - 2*f + 1. Let n be s(1). Let u = n - 81. Suppose -3*q - 2*i = -0*q - 54, -3*i = 2*q - u. What is t